{"id":44,"date":"2025-02-21T13:30:54","date_gmt":"2025-02-21T13:30:54","guid":{"rendered":"https:\/\/planungsbuero-muster.de\/?page_id=44"},"modified":"2025-02-24T18:43:13","modified_gmt":"2025-02-24T17:43:13","slug":"planen-bauen","status":"publish","type":"page","link":"https:\/\/planungsbuero-muster.de\/index.php\/planen-bauen\/","title":{"rendered":"Planen &amp; Bauen"},"content":{"rendered":"\n<h5 class=\"wp-block-heading\">Industrie- und Gewerbebauten realisieren. L\u00f6sungen finden, die sich bew\u00e4hren. Sich reinh\u00e4ngen und mitdenken. Das sind unsere St\u00e4rken \u2013 seit \u00fcber 20 Jahren.<\/h5>\n\n\n\n<p>\u201eIhr macht das schon\u201c \u2013 diesen Satz h\u00f6ren wir regelm\u00e4\u00dfig.<\/p>\n\n\n\n<p>Von Kunden, die uns bereits in der \u201e2. B\u00fcrogeneration\u201c begleiten. Die wissen, dass sie sich als Bauherrn von Industrie- und Gewerbebauten auf uns verlassen k\u00f6nnen. Ohne Wenn und Aber und von Anfang an: von der Bedarfsanalyse \u00fcber die Bauplanung bis zur Bauleitung und dem Geb\u00e4udemanagement. Seit 1990 arbeiten wir als bundesweit t\u00e4tiges Planungsb\u00fcro f\u00fcr derzeit mehr als 70 zufriedene Kunden. Die Qualit\u00e4t unserer Arbeit belegen dar\u00fcber hinaus mehr als 400 Referenzen aus dem Bereich des Industrie- und Gewerbebaus.<\/p>\n\n\n\n<p><\/p>\n","protected":false},"excerpt":{"rendered":"<p>Industrie- und Gewerbebauten realisieren. L\u00f6sungen finden, die sich bew\u00e4hren. Sich reinh\u00e4ngen und mitdenken. Das sind unsere St\u00e4rken \u2013 seit \u00fcber 20 Jahren. \u201eIhr macht das schon\u201c \u2013 diesen Satz h\u00f6ren wir regelm\u00e4\u00dfig. Von Kunden, die uns bereits in der \u201e2. B\u00fcrogeneration\u201c begleiten. Die wissen, dass sie sich als Bauherrn von Industrie- und Gewerbebauten auf uns [&hellip;]<\/p>\n","protected":false},"author":1,"featured_media":26,"parent":0,"menu_order":0,"comment_status":"closed","ping_status":"closed","template":"","meta":{"footnotes":""},"class_list":["post-44","page","type-page","status-publish","has-post-thumbnail","hentry"],"yoast_head":"<!-- This site is optimized with the Yoast SEO plugin v27.5 - https:\/\/yoast.com\/product\/yoast-seo-wordpress\/ -->\n<title>Planen &amp; Bauen - Planungsb\u00fcro Muster<\/title>\n<meta name=\"robots\" content=\"index, follow, max-snippet:-1, max-image-preview:large, max-video-preview:-1\" \/>\n<link rel=\"canonical\" href=\"https:\/\/planungsbuero-muster.de\/index.php\/planen-bauen\/\" \/>\n<meta property=\"og:locale\" content=\"de_DE\" \/>\n<meta property=\"og:type\" content=\"article\" \/>\n<meta property=\"og:title\" content=\"Planen &amp; Bauen - Planungsb\u00fcro Muster\" \/>\n<meta property=\"og:description\" content=\"Industrie- und Gewerbebauten realisieren. L\u00f6sungen finden, die sich bew\u00e4hren. Sich reinh\u00e4ngen und mitdenken. Das sind unsere St\u00e4rken \u2013 seit \u00fcber 20 Jahren. \u201eIhr macht das schon\u201c \u2013 diesen Satz h\u00f6ren wir regelm\u00e4\u00dfig. Von Kunden, die uns bereits in der \u201e2. B\u00fcrogeneration\u201c begleiten. Die wissen, dass sie sich als Bauherrn von Industrie- und Gewerbebauten auf uns [&hellip;]\" \/>\n<meta property=\"og:url\" content=\"https:\/\/planungsbuero-muster.de\/index.php\/planen-bauen\/\" \/>\n<meta property=\"og:site_name\" content=\"Planungsb\u00fcro Muster\" \/>\n<meta property=\"article:modified_time\" content=\"2025-02-24T17:43:13+00:00\" \/>\n<meta property=\"og:image\" content=\"https:\/\/planungsbuero-muster.de\/wp-content\/uploads\/2025\/02\/architekt-industrie-gewerbe.jpg\" \/>\n\t<meta property=\"og:image:width\" content=\"1170\" \/>\n\t<meta property=\"og:image:height\" content=\"580\" \/>\n\t<meta property=\"og:image:type\" content=\"image\/jpeg\" \/>\n<meta name=\"twitter:card\" content=\"summary_large_image\" \/>\n<meta name=\"twitter:label1\" content=\"Gesch\u00e4tzte Lesezeit\" \/>\n\t<meta name=\"twitter:data1\" content=\"1\u00a0Minute\" \/>\n<script type=\"application\/ld+json\" class=\"yoast-schema-graph\">{\"@context\":\"https:\\\/\\\/schema.org\",\"@graph\":[{\"@type\":\"WebPage\",\"@id\":\"https:\\\/\\\/planungsbuero-muster.de\\\/index.php\\\/planen-bauen\\\/\",\"url\":\"https:\\\/\\\/planungsbuero-muster.de\\\/index.php\\\/planen-bauen\\\/\",\"name\":\"Planen &amp; Bauen - Planungsb\u00fcro Muster\",\"isPartOf\":{\"@id\":\"https:\\\/\\\/planungsbuero-muster.de\\\/#website\"},\"primaryImageOfPage\":{\"@id\":\"https:\\\/\\\/planungsbuero-muster.de\\\/index.php\\\/planen-bauen\\\/#primaryimage\"},\"image\":{\"@id\":\"https:\\\/\\\/planungsbuero-muster.de\\\/index.php\\\/planen-bauen\\\/#primaryimage\"},\"thumbnailUrl\":\"https:\\\/\\\/planungsbuero-muster.de\\\/wp-content\\\/uploads\\\/2025\\\/02\\\/architekt-industrie-gewerbe.jpg\",\"datePublished\":\"2025-02-21T13:30:54+00:00\",\"dateModified\":\"2025-02-24T17:43:13+00:00\",\"breadcrumb\":{\"@id\":\"https:\\\/\\\/planungsbuero-muster.de\\\/index.php\\\/planen-bauen\\\/#breadcrumb\"},\"inLanguage\":\"de\",\"potentialAction\":[{\"@type\":\"ReadAction\",\"target\":[\"https:\\\/\\\/planungsbuero-muster.de\\\/index.php\\\/planen-bauen\\\/\"]}]},{\"@type\":\"ImageObject\",\"inLanguage\":\"de\",\"@id\":\"https:\\\/\\\/planungsbuero-muster.de\\\/index.php\\\/planen-bauen\\\/#primaryimage\",\"url\":\"https:\\\/\\\/planungsbuero-muster.de\\\/wp-content\\\/uploads\\\/2025\\\/02\\\/architekt-industrie-gewerbe.jpg\",\"contentUrl\":\"https:\\\/\\\/planungsbuero-muster.de\\\/wp-content\\\/uploads\\\/2025\\\/02\\\/architekt-industrie-gewerbe.jpg\",\"width\":1170,\"height\":580},{\"@type\":\"BreadcrumbList\",\"@id\":\"https:\\\/\\\/planungsbuero-muster.de\\\/index.php\\\/planen-bauen\\\/#breadcrumb\",\"itemListElement\":[{\"@type\":\"ListItem\",\"position\":1,\"name\":\"Startseite\",\"item\":\"https:\\\/\\\/planungsbuero-muster.de\\\/\"},{\"@type\":\"ListItem\",\"position\":2,\"name\":\"Planen &amp; Bauen\"}]},{\"@type\":\"WebSite\",\"@id\":\"https:\\\/\\\/planungsbuero-muster.de\\\/#website\",\"url\":\"https:\\\/\\\/planungsbuero-muster.de\\\/\",\"name\":\"Planungsb\u00fcro Muster\",\"description\":\"\",\"publisher\":{\"@id\":\"https:\\\/\\\/planungsbuero-muster.de\\\/#organization\"},\"potentialAction\":[{\"@type\":\"SearchAction\",\"target\":{\"@type\":\"EntryPoint\",\"urlTemplate\":\"https:\\\/\\\/planungsbuero-muster.de\\\/?s={search_term_string}\"},\"query-input\":{\"@type\":\"PropertyValueSpecification\",\"valueRequired\":true,\"valueName\":\"search_term_string\"}}],\"inLanguage\":\"de\"},{\"@type\":\"Organization\",\"@id\":\"https:\\\/\\\/planungsbuero-muster.de\\\/#organization\",\"name\":\"Planungsb\u00fcro Muster\",\"url\":\"https:\\\/\\\/planungsbuero-muster.de\\\/\",\"logo\":{\"@type\":\"ImageObject\",\"inLanguage\":\"de\",\"@id\":\"https:\\\/\\\/planungsbuero-muster.de\\\/#\\\/schema\\\/logo\\\/image\\\/\",\"url\":\"https:\\\/\\\/planungsbuero-muster.de\\\/wp-content\\\/uploads\\\/2025\\\/02\\\/cropped-logo-1.png\",\"contentUrl\":\"https:\\\/\\\/planungsbuero-muster.de\\\/wp-content\\\/uploads\\\/2025\\\/02\\\/cropped-logo-1.png\",\"width\":115,\"height\":115,\"caption\":\"Planungsb\u00fcro Muster\"},\"image\":{\"@id\":\"https:\\\/\\\/planungsbuero-muster.de\\\/#\\\/schema\\\/logo\\\/image\\\/\"}}]}<\/script>\n<!-- \/ Yoast SEO plugin. -->","yoast_head_json":{"title":"Planen &amp; Bauen - Planungsb\u00fcro Muster","robots":{"index":"index","follow":"follow","max-snippet":"max-snippet:-1","max-image-preview":"max-image-preview:large","max-video-preview":"max-video-preview:-1"},"canonical":"https:\/\/planungsbuero-muster.de\/index.php\/planen-bauen\/","og_locale":"de_DE","og_type":"article","og_title":"Planen &amp; Bauen - Planungsb\u00fcro Muster","og_description":"Industrie- und Gewerbebauten realisieren. L\u00f6sungen finden, die sich bew\u00e4hren. Sich reinh\u00e4ngen und mitdenken. Das sind unsere St\u00e4rken \u2013 seit \u00fcber 20 Jahren. \u201eIhr macht das schon\u201c \u2013 diesen Satz h\u00f6ren wir regelm\u00e4\u00dfig. Von Kunden, die uns bereits in der \u201e2. B\u00fcrogeneration\u201c begleiten. Die wissen, dass sie sich als Bauherrn von Industrie- und Gewerbebauten auf uns [&hellip;]","og_url":"https:\/\/planungsbuero-muster.de\/index.php\/planen-bauen\/","og_site_name":"Planungsb\u00fcro Muster","article_modified_time":"2025-02-24T17:43:13+00:00","og_image":[{"width":1170,"height":580,"url":"https:\/\/planungsbuero-muster.de\/wp-content\/uploads\/2025\/02\/architekt-industrie-gewerbe.jpg","type":"image\/jpeg"}],"twitter_card":"summary_large_image","twitter_misc":{"Gesch\u00e4tzte Lesezeit":"1\u00a0Minute"},"schema":{"@context":"https:\/\/schema.org","@graph":[{"@type":"WebPage","@id":"https:\/\/planungsbuero-muster.de\/index.php\/planen-bauen\/","url":"https:\/\/planungsbuero-muster.de\/index.php\/planen-bauen\/","name":"Planen &amp; Bauen - Planungsb\u00fcro Muster","isPartOf":{"@id":"https:\/\/planungsbuero-muster.de\/#website"},"primaryImageOfPage":{"@id":"https:\/\/planungsbuero-muster.de\/index.php\/planen-bauen\/#primaryimage"},"image":{"@id":"https:\/\/planungsbuero-muster.de\/index.php\/planen-bauen\/#primaryimage"},"thumbnailUrl":"https:\/\/planungsbuero-muster.de\/wp-content\/uploads\/2025\/02\/architekt-industrie-gewerbe.jpg","datePublished":"2025-02-21T13:30:54+00:00","dateModified":"2025-02-24T17:43:13+00:00","breadcrumb":{"@id":"https:\/\/planungsbuero-muster.de\/index.php\/planen-bauen\/#breadcrumb"},"inLanguage":"de","potentialAction":[{"@type":"ReadAction","target":["https:\/\/planungsbuero-muster.de\/index.php\/planen-bauen\/"]}]},{"@type":"ImageObject","inLanguage":"de","@id":"https:\/\/planungsbuero-muster.de\/index.php\/planen-bauen\/#primaryimage","url":"https:\/\/planungsbuero-muster.de\/wp-content\/uploads\/2025\/02\/architekt-industrie-gewerbe.jpg","contentUrl":"https:\/\/planungsbuero-muster.de\/wp-content\/uploads\/2025\/02\/architekt-industrie-gewerbe.jpg","width":1170,"height":580},{"@type":"BreadcrumbList","@id":"https:\/\/planungsbuero-muster.de\/index.php\/planen-bauen\/#breadcrumb","itemListElement":[{"@type":"ListItem","position":1,"name":"Startseite","item":"https:\/\/planungsbuero-muster.de\/"},{"@type":"ListItem","position":2,"name":"Planen &amp; Bauen"}]},{"@type":"WebSite","@id":"https:\/\/planungsbuero-muster.de\/#website","url":"https:\/\/planungsbuero-muster.de\/","name":"Planungsb\u00fcro Muster","description":"","publisher":{"@id":"https:\/\/planungsbuero-muster.de\/#organization"},"potentialAction":[{"@type":"SearchAction","target":{"@type":"EntryPoint","urlTemplate":"https:\/\/planungsbuero-muster.de\/?s={search_term_string}"},"query-input":{"@type":"PropertyValueSpecification","valueRequired":true,"valueName":"search_term_string"}}],"inLanguage":"de"},{"@type":"Organization","@id":"https:\/\/planungsbuero-muster.de\/#organization","name":"Planungsb\u00fcro Muster","url":"https:\/\/planungsbuero-muster.de\/","logo":{"@type":"ImageObject","inLanguage":"de","@id":"https:\/\/planungsbuero-muster.de\/#\/schema\/logo\/image\/","url":"https:\/\/planungsbuero-muster.de\/wp-content\/uploads\/2025\/02\/cropped-logo-1.png","contentUrl":"https:\/\/planungsbuero-muster.de\/wp-content\/uploads\/2025\/02\/cropped-logo-1.png","width":115,"height":115,"caption":"Planungsb\u00fcro Muster"},"image":{"@id":"https:\/\/planungsbuero-muster.de\/#\/schema\/logo\/image\/"}}]}},"jetpack_sharing_enabled":true,"_links":{"self":[{"href":"https:\/\/planungsbuero-muster.de\/index.php\/wp-json\/wp\/v2\/pages\/44","targetHints":{"allow":["GET"]}}],"collection":[{"href":"https:\/\/planungsbuero-muster.de\/index.php\/wp-json\/wp\/v2\/pages"}],"about":[{"href":"https:\/\/planungsbuero-muster.de\/index.php\/wp-json\/wp\/v2\/types\/page"}],"author":[{"embeddable":true,"href":"https:\/\/planungsbuero-muster.de\/index.php\/wp-json\/wp\/v2\/users\/1"}],"replies":[{"embeddable":true,"href":"https:\/\/planungsbuero-muster.de\/index.php\/wp-json\/wp\/v2\/comments?post=44"}],"version-history":[{"count":2,"href":"https:\/\/planungsbuero-muster.de\/index.php\/wp-json\/wp\/v2\/pages\/44\/revisions"}],"predecessor-version":[{"id":382,"href":"https:\/\/planungsbuero-muster.de\/index.php\/wp-json\/wp\/v2\/pages\/44\/revisions\/382"}],"wp:featuredmedia":[{"embeddable":true,"href":"https:\/\/planungsbuero-muster.de\/index.php\/wp-json\/wp\/v2\/media\/26"}],"wp:attachment":[{"href":"https:\/\/planungsbuero-muster.de\/index.php\/wp-json\/wp\/v2\/media?parent=44"}],"curies":[{"name":"wp","href":"https:\/\/api.w.org\/{rel}","templated":true}]}}